{"id":1535,"date":"2024-11-15T21:47:40","date_gmt":"2024-11-15T18:47:40","guid":{"rendered":"https:\/\/acimutfak.com.tr\/?page_id=1535"},"modified":"2024-11-15T22:19:07","modified_gmt":"2024-11-15T19:19:07","slug":"dis-mekan-mobilyalari","status":"publish","type":"page","link":"https:\/\/acimutfak.com.tr\/index.php\/dis-mekan-mobilyalari\/","title":{"rendered":"D\u0131\u015f Mek\u00e2n Mobilyalar\u0131"},"content":{"rendered":"<p>[vc_row][vc_column width=&#8221;1\/3&#8243;][vc_wp_custommenu nav_menu=&#8221;60&#8243; el_id=&#8221;services-list&#8221;][\/vc_column][vc_column width=&#8221;1\/3&#8243;][vc_column_text]<\/p>\n<p class=\"p1\"><b>D\u0131\u015f Mek\u00e2n Mobilyalar\u0131<\/b><\/p>\n<p class=\"p1\">\u2022 Pergola ve Bah\u00e7e \u00c7\u00f6z\u00fcmleri<\/p>\n<p class=\"p1\">Bah\u00e7enizi veya teras\u0131n\u0131z\u0131 daha keyifli hale getirecek pergola ve d\u0131\u015f mek\u00e2n mobilyalar\u0131 \u00fcretiyoruz.<\/p>\n<p class=\"p1\">Dayan\u0131kl\u0131 ve estetik \u00e7\u00f6z\u00fcmlerimizle d\u0131\u015f mekanlar\u0131n\u0131za \u00f6zg\u00fcn bir hava kat\u0131yoruz.<\/p>\n<p>[\/vc_column_text][\/vc_column][vc_column width=&#8221;1\/3&#8243;][vc_single_image image=&#8221;875&#8243; img_size=&#8221;500-300&#8243;][\/vc_column][\/vc_row][vc_row][vc_column][vc_empty_space][\/vc_column][vc_column width=&#8221;1\/3&#8243;][\/vc_column][vc_column width=&#8221;1\/3&#8243; animate=&#8221;fadinright&#8221;]\t\t\t\n\t<!-- Element: OT Button 2 --> \n\t<a href=\"https:\/\/acimutfak.com.tr\/index.php\/iletisim-bilgileri\/\" title=\"Hemen \u0130leti\u015fime Ge\u00e7\" target=\"_blank\" class=\"btn btn btn-custom\">Hemen \u0130leti\u015fime Ge\u00e7<\/a>\t\n[\/vc_column][vc_column width=&#8221;1\/3&#8243;][\/vc_column][\/vc_row]<\/p>\n","protected":false},"excerpt":{"rendered":"<p>[vc_row][vc_column width=&#8221;1\/3&#8243;][vc_wp_custommenu nav_menu=&#8221;60&#8243; el_id=&#8221;services-list&#8221;][\/vc_column][vc_column width=&#8221;1\/3&#8243;][vc_column_text] D\u0131\u015f Mek\u00e2n Mobilyalar\u0131 \u2022 Pergola ve Bah\u00e7e \u00c7\u00f6z\u00fcmleri Bah\u00e7enizi veya teras\u0131n\u0131z\u0131 daha keyifli hale getirecek pergola ve d\u0131\u015f mek\u00e2n mobilyalar\u0131 \u00fcretiyoruz. Dayan\u0131kl\u0131 ve estetik \u00e7\u00f6z\u00fcmlerimizle d\u0131\u015f mekanlar\u0131n\u0131za \u00f6zg\u00fcn bir hava kat\u0131yoruz. [\/vc_column_text][\/vc_column][vc_column width=&#8221;1\/3&#8243;][vc_single_image image=&#8221;875&#8243; img_size=&#8221;500-300&#8243;][\/vc_column][\/vc_row][vc_row][vc_column][vc_empty_space][\/vc_column][vc_column width=&#8221;1\/3&#8243;][\/vc_column][vc_column width=&#8221;1\/3&#8243; animate=&#8221;fadinright&#8221;][\/vc_column][vc_column width=&#8221;1\/3&#8243;][\/vc_column][\/vc_row]<\/p>\n","protected":false},"author":2,"featured_media":0,"parent":0,"menu_order":0,"comment_status":"closed","ping_status":"closed","template":"","meta":{"footnotes":""},"class_list":["post-1535","page","type-page","status-publish","hentry"],"_links":{"self":[{"href":"https:\/\/acimutfak.com.tr\/index.php\/wp-json\/wp\/v2\/pages\/1535","targetHints":{"allow":["GET"]}}],"collection":[{"href":"https:\/\/acimutfak.com.tr\/index.php\/wp-json\/wp\/v2\/pages"}],"about":[{"href":"https:\/\/acimutfak.com.tr\/index.php\/wp-json\/wp\/v2\/types\/page"}],"author":[{"embeddable":true,"href":"https:\/\/acimutfak.com.tr\/index.php\/wp-json\/wp\/v2\/users\/2"}],"replies":[{"embeddable":true,"href":"https:\/\/acimutfak.com.tr\/index.php\/wp-json\/wp\/v2\/comments?post=1535"}],"version-history":[{"count":4,"href":"https:\/\/acimutfak.com.tr\/index.php\/wp-json\/wp\/v2\/pages\/1535\/revisions"}],"predecessor-version":[{"id":1551,"href":"https:\/\/acimutfak.com.tr\/index.php\/wp-json\/wp\/v2\/pages\/1535\/revisions\/1551"}],"wp:attachment":[{"href":"https:\/\/acimutfak.com.tr\/index.php\/wp-json\/wp\/v2\/media?parent=1535"}],"curies":[{"name":"wp","href":"https:\/\/api.w.org\/{rel}","templated":true}]}}